hat is 61a903 + a33?
620836
In base 2, what is -1101011000001 + 1010101010?
-1100000010111
In base 9, what is 643587 - -4?
643602
In base 12, what is -21a - -38927a?
389060
In base 7, what is 310 - 15415621?
-15415311
In base 8, what is -3 + 100303621?
100303616
In base 9, what is 204083 - -147?
204241
In base 11, what is 2998 - -138a?
4277
In base 14, what is -1 - -7b7725?
7b7724
In base 8, what is 3 + -476166670?
-476166665
In base 8, what is 136460 - 1241?
135217
In base 7, what is 0 - -433360110?
433360110
In base 5, what is -134210021 + -4?
-134210030
In base 8, what is 165734567 - 5?
165734562
In base 8, what is 4 + 1155400326?
1155400332
In base 8, what is -2 + -236074711?
-236074713
In base 7, what is -30266105 + -33?
-30266141
In base 14, what is -b + -2266750?
-226675b
In base 5, what is 404121 - -102243?
1011414
In base 13, what is 0 - 9866b?
-9866b
In base 6, what is -33214 - 1423003?
-1500221
In base 13, what is 106c - -1485?
2524
In base 3, what is 12212212100 - -21100?
12220010200
In base 8, what is -3 - 7255573?
-7255576
In base 12, what is 2aa40a7 - -3?
2aa40aa
In base 15, what is -560d51 - 2?
-560d53
In base 4, what is 2 - 10013322200?
-10013322132
In base 8, what is 66 - 10667175?
-10667107
In base 12, what is -2a323b7 - -3?
-2a323b4
In base 10, what is -243606 + 5?
-243601
In base 14, what is -4360b4 + -5?
-4360b9
In base 13, what is -c0c5 - 14?
-c109
In base 11, what is 14 + 120a09?
120a22
In base 10, what is -4528 - 5022?
-9550
In base 5, what is 40233 - 123213?
-32430
In base 7, what is -223431016 + -33?
-223431052
In base 15, what is -355924 + 7e?
-355895
In base 5, what is 1422243210222 - -10?
1422243210232
In base 14, what is -6 - 2289a9?
-2289b1
In base 6, what is -55341311 - 2011?
-55343322
In base 10, what is 21500 - -11?
21511
In base 12, what is -50 - -8441b?
8438b
In base 7, what is 2 + 362165146?
362165151
In base 9, what is -102710 + 24?
-102675
In base 13, what is -60944 - 45?
-60989
In base 16, what is 61c - -1568?
1b84
In base 6, what is -114 + -130130?
-130244
In base 15, what is 2439 - -3524d?
37687
In base 8, what is -14702 + 22405?
5503
In base 14, what is 5 + 1cd6c9?
1cd6d0
In base 11, what is -855 - 131a7?
-13a51
In base 16, what is a513 + 57?
a56a
In base 8, what is -5 + 3273457?
3273452
In base 4, what is 101311210 - -2312?
101320122
In base 14, what is -6ac + 2ab68?
2a49a
In base 3, what is 10 - 2212211121202?
-2212211121122
In base 2, what is 11 + -11101111000010010010?
-11101111000010001111
In base 4, what is 220 + -31030231313?
-31030231033
In base 13, what is -54ca9b2 + 13?
-54ca99c
In base 15, what is 11221 + -2c?
111e4
In base 16, what is -21 - 4af239?
-4af25a
In base 6, what is 533544 - -32?
534020
In base 15, what is 78ea + 14c?
7a47
In base 13, what is -8165 + -186?
-831b
In base 15, what is 9a346d - -6?
9a3474
In base 14, what is -25 + -45987c1?
-4598806
In base 3, what is -12 - 10111120202002?
-10111120202021
In base 14, what is -5c5a6 - -9?
-5c59b
In base 11, what is 78182372 - -1?
78182373
In base 9, what is -72764433 + 2?
-72764431
In base 5, what is 14 - 3334304?
-3334240
In base 9, what is 4 - 7621447?
-7621443
In base 4, what is 11030 - -1110331200?
1111002230
In base 12, what is -289ba64 - 1?
-289ba65
In base 5, what is 133 - 4241?
-4103
In base 8, what is 6 + 67174462?
67174470
In base 4, what is 2223103 - -201332?
3031101
In base 10, what is -13 + 22042?
22029
In base 14, what is -1577db011 - 0?
-1577db011
In base 12, what is -8004634 - -4?
-8004630
In base 8, what is -72254501 + 5?
-72254474
In base 15, what is 3d1a03 + -4?
3d19ee
In base 9, what is 1784830 - 112?
1784717
In base 4, what is -10121212312 - 201?
-10121213113
In base 10, what is -126 + -1503022?
-1503148
In base 4, what is 121 + 2020103013031?
2020103013212
In base 9, what is 443275 - -716?
444102
In base 3, what is -202222012110 - -1201001?
-202220111102
In base 3, what is 1012002012 + -1000121?
1011001121
In base 4, what is -113 - 3012210102?
-3012210221
In base 6, what is -1 + -1254114243?
-1254114244
In base 8, what is 15213334 + 5?
15213341
In base 2, what is -10101 + -1010000001111000101111?
-1010000001111001000100
In base 2, what is 101110110111101011010 + 1011001?
101110110111110110011
In base 7, what is -1231213 + 133?
-1231050
In base 11, what is -59820 + 126?
-596a5
In base 12, what is 3 - -2b0116?
2b0119
In base 16, what is 928 - -18e2?
220a
In base 8, what is -102 + -327564?
-327666
In base 11, what is -412a86 - 36?
-413011
In base 7, what is -61 - -503216400?
503216306
In base 16, what is 96c - -1e60?
27cc
In base 15, what is -9 - -2576eae?
2576ea5
In base 6, what is 2 - -2432554?
2433000
In base 13, what is -1a919c82c + 4?
-1a919c828
In base 15, what is 1466 + -2213?
-c9c
In base 3, what is 220001021220 - -2002?
220001100222
In base 5, what is 1 + -34001012?
-34001011
In base 11, what is 3522 + 430?
3952
In base 6, what is 24320 + 22331?
51051
In base 16, what is 69e11ef + 1?
69e11f0
In base 5, what is -312021324324 - 1?
-312021324330
In base 12, what is 212a1 - 129?
21174
In base 14, what is 1501d8 - -5a?
150254
In base 2, what is 111100110001100000001010 - 101?
111100110001100000000101
In base 10, what is -64001756 + 5?
-64001751
In base 7, what is 1015512641 - -2?
1015512643
In base 13, what is 99c8a + 2b?
99cb8
In base 15, what is -ed2b08 - 5?
-ed2b0d
In base 15, what is 573ec1 - 4?
573ebc
In base 8, what is -15 - -51432635?
51432620
In base 15, what is -316db76 - 4?
-316db7a
In base 9, what is -2031 - 25267?
-27308
In base 12, what is -1226b935 - -2?
-1226b933
In base 7, what is 10345 + -6136?
1206
In base 2, what is 111011 - 11010011110010?
-11010010110111
In base 12, what is 218 - -a85083?
a8529b
In base 11, what is 300591 - 1543?
2aa049
In base 16, what is 31a115 + -5?
31a110
In base 6, what is -5 + -252241350?
-252241355
In base 15, what is -60254a + -1?
-60254b
In base 16, what is 9bfd - -458?
a055
In base 13, what is -4b5537a4 - 5?
-4b5537a9
In base 10, what is -788881 + -45?
-788926
In base 12, what is -437710b1 + -5?
-437710b6
In base 11, what is 668713 - 39?
668685
In base 16, what is -6 + 1fa42dd?
1fa42d7
In base 4, what is -200331330122 - 1101?
-200331331223
In base 2, what is -100 + -10100111011100111111000110000?
-10100111011100111111000110100
In base 15, what is 8b9 + -177b1?
-16de7
In base 11, what is -3 + -2a5785?
-2a5788
In base 3, what is 10 - 21200002202101?
-21200002202021
In base 12, what is -1317 - -b1b?
-3b8
In base 14, what is -9390 - 2ad?
-965d
In base 10, what is -645061546 - 3?
-645061549
In base 16, what is d8cde08 - 2?
d8cde06
In base 6, what is 421425135 - 5?
421425130
In base 13, what is cca + 1173b5?
1183b2
In base 8, what is 143172 - 1143?
142027
In base 9, what is -10383 + -156?
-10550
In base 11, what is -213a31a + -2?
-213a321
In base 4, what is 2322 - -1211000231?
1211003213
In base 7, what is 63664 - -5461?
102455
In base 4, what is -132120 + 2023233?
1231113
In base 13, what is -1aabc - -255?
-1a867
In base 12, what is 161 + a4641?
a47a2
In base 12, what is -227664 - 9?
-227671
In base 6, what is -155 + -45350550?
-45351145
In base 16, what is 1372 + 95b?
1ccd
In base 11, what is -3 - 2765162?
-2765165
In base 4, what is -12021 - 2012100223?
-2012112310
In base 13, what is 4b - -39696?
39714
In base 15, what is -3e808 + -9?
-3e812
In base 7, what is -56545256 - -56?
-56545200
In base 2, what is -100010000100 + -100001100001?
-1000011100101
In base 13, what is 944 + ac237?
acb7b
In base 9, what is 44845372 - -1?
44845373
In base 9, what is -1636427 + 1?
-1636426
In base 16, what is -2 - 6e2e5?
-6e2e7
In base 16, what is -33f8 - 3e?
-3436
In base 16, what is 84e4fd - 0?
84e4fd
In base 4, what is 1101 - -2133111?
2200212
In base 8, what is -35446 + -2140?
-37606
In base 4, what is 1033022320333 - -10?
1033022321003
In base 6, what is -10451032 + 13?
-10451015
In base 13, what is 27 + 4c5a225?
4c5a24c
In base 7, what is 261 + 205243?
205534
In base 16, what is -65e9e2 - -21?
-65e9c1
In base 2, what is -110110101100010010101 - 100?
-110110101100010011001
In base 15, what is -18212 + -a0?
-182b2
In base 5, what is 314104032 - 140?
314103342
In base 9, what is -28800358 - -20?
-28800338
In base 7, what is 10 + -13561532?
-13561522
In base 5, what is -1400401